{"id":39,"date":"2020-01-04T18:24:21","date_gmt":"2020-01-04T16:24:21","guid":{"rendered":"http:\/\/testi.koiratuotteet.fi\/?page_id=39"},"modified":"2020-01-04T19:30:52","modified_gmt":"2020-01-04T17:30:52","slug":"kylatalon-historia","status":"publish","type":"page","link":"https:\/\/www.sapsalampi.fi\/?page_id=39","title":{"rendered":"Kyl\u00e4talon historia"},"content":{"rendered":"<p><em>KYL\u00c4TALON (entinen Sapsalammin koulu) HISTORIAA<\/em><\/p>\n<p><strong>SAPSALAMMIN KANSAKOULUN VAIHEITA<\/strong><\/p>\n<p><img loading=\"lazy\" decoding=\"async\" class=\" wp-image-98 alignright\" src=\"https:\/\/www.sapsalampi.fi\/wp-content\/uploads\/2020\/01\/Kyl\u00e4talo-takaa-300x207.jpg\" alt=\"\" width=\"380\" height=\"262\"><\/p>\n<p>Sulkavan kyl\u00e4\u00e4n perustettiin kansakoulu vuonna 1896. Siell\u00e4 opetusta saivat my\u00f6s Sapsalammin kyl\u00e4n oppilaat. Oppilasm\u00e4\u00e4rien lis\u00e4\u00e4ntyess\u00e4 kysymykseen tuli kouluverkon laajentaminen ja sen mukana my\u00f6s Sapsalammin koulun perustaminen. Opetus uudessa koulussa p\u00e4\u00e4si alkamaan elokuun 29. p\u00e4iv\u00e4 1906. Opettajana toimi Kaarle Eenok Fabian Jaatinen, jonka toimikausi kesti vuoden 1949 kev\u00e4\u00e4seen saakka, jolloin h\u00e4n kuoli nelj\u00e4nkymmenenkolmen vuoden ty\u00f6uran j\u00e4lkeen, ennen el\u00e4kkeelle p\u00e4\u00e4semist\u00e4\u00e4\u00e4n. Puhuttaessa Sapsalammin koulusta, ei koskaan voi ohittaa opettaja Jaatisen panosta koulun ja sen oppilaitten hyv\u00e4ksi. Sanottiinhan kouluakin h\u00e4nen aikanaan aivan yleisesti Jaatisen kouluksi. Oppivelvollisuuslain my\u00f6t\u00e4 alakansakoulun tarve tuli ajankohtaiseksi 1920-luvulla. Johtokunta keskusteli tarkoitukseen sopivien tilojen rakentamisesta, mutta kansakouluntarkastaja ilmoitti hyv\u00e4ksyneens\u00e4 kouluk\u00e4ytt\u00f6\u00f6n tilat Santeri Valkealahden talosta. Alakoulu aloitti ty\u00f6ns\u00e4 tammikuussa 1930, opettajana Hellin Vehkam\u00e4ki.<\/p>\n<p>Elokuussa1932 tarkastaja hyv\u00e4ksyi toisiksi koulutiloiksi Ritarinkyl\u00e4n Kaappo Uusitalosta huoneiston. Kouluty\u00f6t\u00e4 tehtiin kahdessa paikassa, kummassakin paikassa 18 viikkoa. Lukuvuoden -34-35 alkaessa siirrettiin Valkealahdesta koulu Juho Sep\u00e4nmaan talon ns. pikkutupaan. 1937 aloitti toimintansa Ritarin koulupiiri ja t\u00e4ll\u00f6in alakoulu keskittyi kokonaan Sep\u00e4nmaahan. Oppilasm\u00e4\u00e4r\u00e4t lis\u00e4\u00e4ntyiv\u00e4t, osin siirtokarjalaisten vaikutuksesta, ja tilat Sep\u00e4nmaassa k\u00e4viv\u00e4t ahtaiksi, niinp\u00e4 alaluokat siirrettiin Katri Sytel\u00e4n taloon syksyll\u00e4 1946. Koulua k\u00e4ytiin n\u00e4iss\u00e4 tiloissa seuraavat kaksitoista vuotta, kunnes oppilasm\u00e4\u00e4rien k\u00e4\u00e4ntyess\u00e4 laskusuuntaan opetus siirrettiin vanhalle koululle. Oppilasm\u00e4\u00e4r\u00e4t olivat suuria eriyisesti 1940- luvulla. Opettajia oli ainoastaan yksi alakoulussa ja samoin yl\u00e4koulussa.<br \/>\nT\u00e4lt\u00e4 ajalta on per\u00e4isin omakohtaisetkin koulumuistoni, ja aina sit\u00e4 joskus ihmettelee kuinka homma oikeastaan saattoi pelata kun yhdell\u00e4 opettajalla oli nelj\u00e4 luokkaa ja 50-60 oppilasta. Toinen opettaja yl\u00e4kouluun saatiin 1948, koulutilana Santeri Valkealahden talo vuoteen 1958 saakka, josta l\u00e4htien vuoteen 1965 Juho Valkealahden talo. Koulupiirin jakaminen ja uuden perustaminen j\u00e4rven it\u00e4puolelle oli vahvasti esill\u00e4 vuoden 1940- luvun loppupuolella it\u00e4puolen asukkaitten ajamana. Asia eteni niin pitk\u00e4lle ett\u00e4 syntyi Maasel\u00e4n koulu 1950, v\u00e4liaikaisena toimipaikkana Santeri Valkealahden talo. Koululla oli oma johtokunta ja opettajana toimi Eeva Koskela. Virallisia koulupiirirajoja ei ollut. Maasel\u00e4n koulun taru oli lyhyt, kun elokuussa 1951 tarkastajan kehotuksesta koulupiiri liitettiin Sapsalammin kouluun. Vanha koulu ei en\u00e4\u00e4 1950-luvulla vastannut ajan vaatimuksia, toivottiin uutta koulua. Siin\u00e4 tilanteessa j\u00e4rven it\u00e4puoliset n\u00e4kiv\u00e4t viel\u00e4 mahdollisuuden, ett\u00e4 jos uusi koulu tehd\u00e4\u00e4n, sen paikkaakin voisi siirt\u00e4\u00e4. Mielipiteet erkanivat jyrk\u00e4sti maantienpuolen ja it\u00e4puolen asukkaitten kesken.<br \/>\nVoimakkaat erimielisyydet koulun paikasta osaltaan vaikuttivat sen, ett\u00e4 kunta ei tehnyt asiasta p\u00e4\u00e4t\u00f6st\u00e4 ja koulu jatkoi rapistumistaan. Ritarin koulu lakkautettiin ja molempien koulujen johtokunnat esittiv\u00e4t huhtikuussa 1964 uuden koulun paikaksi Salmelan sillan tienoota. Ajatus ei saanut riitt\u00e4v\u00e4\u00e4 kannatusta kunnan p\u00e4\u00e4tt\u00e4viss\u00e4 elimiss\u00e4. Oltiin j\u00e4lleen pattitilanteessa. Lopulta asiassa p\u00e4\u00e4stiin yksimieliseen p\u00e4\u00e4t\u00f6kseen, vanha koulu peruskorjataan ja siihen tehd\u00e4\u00e4n laajennus, siten saadaan kyl\u00e4lle yksi yhteinen koulu ja v\u00e4h\u00e4n repiv\u00e4kin kiista pois p\u00e4iv\u00e4j\u00e4rjestyksest\u00e4. P\u00e4\u00e4t\u00f6kseen vaikutti osaltaan se, ett\u00e4 oppilasm\u00e4\u00e4r\u00e4t olivat k\u00e4\u00e4ntyneet laskuun, tilanne oli oleellisesti muuttunut Maasel\u00e4n koulun ajoista. N\u00e4htiin ett\u00e4 on varmistettava kyl\u00e4lle yksi elinvoimainen koulu joka palvelee pitk\u00e4\u00e4n aluettaan.<br \/>\nVaikka kouluty\u00f6 onkin nyt loppunut, takana on pitk\u00e4 ja ansiokas elinkaari. Opettaja Jaatisen pitk\u00e4n kauden j\u00e4lkeen opettajat vaihtuivat tihe\u00e4\u00e4n. Aikav\u00e4lill\u00e4 1949- 1966 oli kymmenen eri johtajaopettajaa. Asiaan saattoi vaikuttaa erimielisyydet koulutoimen kehitt\u00e4misest\u00e4 kyl\u00e4ll\u00e4, mutta my\u00f6s sota-ajan vaikutus ulottui pitk\u00e4lle kaikkeen toimintaan. Opettajatilanne vakiintui pitk\u00e4ksi aikaa hyv\u00e4lle mallille kun Aarno ja Kaija-Liisa Oja-Kaukola tulivat Sapsalammin koulun opettajiksi 1966 ja toimivat teht\u00e4v\u00e4ss\u00e4\u00e4n vuoteen 1992 saakka. Viimeisimp\u00e4n\u00e4 johtajaopettajana toimi Esa Hietala. Koulunpito Sapsalammilla loppui vuonna 2006. Lakkauttaminen hoitui harvinaisen v\u00e4hin \u00e4\u00e4nin, koulu ilman tietty\u00e4 oppilasm\u00e4\u00e4r\u00e4\u00e4 ei voi toimia. Tosin on kysymys my\u00f6s valinnoista, toinen loppuu ja toinen jatkaa ainakin toistaiseksi, vahvistettuna lopetetun koulun resursseilla. P\u00e4\u00e4tt\u00e4j\u00e4t valitsivat<br \/>\nSulkavan koulun, ympyr\u00e4 on sulkeutunut sadan vuoden j\u00e4lkeen, Sapsalammilta on aloiteltu koulunk\u00e4ynti\u00e4 Sulkavan koululla ja nyt on palattu j\u00e4lleen sinne.<\/p>\n","protected":false},"excerpt":{"rendered":"<p>KYL\u00c4TALON (entinen Sapsalammin koulu) HISTORIAA SAPSALAMMIN KANSAKOULUN VAIHEITA Sulkavan kyl\u00e4\u00e4n perustettiin kansakoulu vuonna 1896. Siell\u00e4 opetusta saivat my\u00f6s Sapsalammin kyl\u00e4n oppilaat. Oppilasm\u00e4\u00e4rien lis\u00e4\u00e4ntyess\u00e4 kysymykseen<\/p>\n","protected":false},"author":1,"featured_media":0,"parent":35,"menu_order":2,"comment_status":"closed","ping_status":"closed","template":"","meta":{"footnotes":""},"class_list":["post-39","page","type-page","status-publish","hentry"],"_links":{"self":[{"href":"https:\/\/www.sapsalampi.fi\/index.php?rest_route=\/wp\/v2\/pages\/39","targetHints":{"allow":["GET"]}}],"collection":[{"href":"https:\/\/www.sapsalampi.fi\/index.php?rest_route=\/wp\/v2\/pages"}],"about":[{"href":"https:\/\/www.sapsalampi.fi\/index.php?rest_route=\/wp\/v2\/types\/page"}],"author":[{"embeddable":true,"href":"https:\/\/www.sapsalampi.fi\/index.php?rest_route=\/wp\/v2\/users\/1"}],"replies":[{"embeddable":true,"href":"https:\/\/www.sapsalampi.fi\/index.php?rest_route=%2Fwp%2Fv2%2Fcomments&post=39"}],"version-history":[{"count":2,"href":"https:\/\/www.sapsalampi.fi\/index.php?rest_route=\/wp\/v2\/pages\/39\/revisions"}],"predecessor-version":[{"id":83,"href":"https:\/\/www.sapsalampi.fi\/index.php?rest_route=\/wp\/v2\/pages\/39\/revisions\/83"}],"up":[{"embeddable":true,"href":"https:\/\/www.sapsalampi.fi\/index.php?rest_route=\/wp\/v2\/pages\/35"}],"wp:attachment":[{"href":"https:\/\/www.sapsalampi.fi\/index.php?rest_route=%2Fwp%2Fv2%2Fmedia&parent=39"}],"curies":[{"name":"wp","href":"https:\/\/api.w.org\/{rel}","templated":true}]}}